{"id":16,"date":"2009-09-21T20:18:36","date_gmt":"2009-09-21T20:18:36","guid":{"rendered":"http:\/\/bretelles.wordpress.com\/?page_id=16"},"modified":"2015-01-08T16:16:44","modified_gmt":"2015-01-08T16:16:44","slug":"contacter-bretelles","status":"publish","type":"page","link":"http:\/\/bretelles.ch\/index.php\/contacter-bretelles\/","title":{"rendered":"Contact"},"content":{"rendered":"<p>Pour contacter Bret&rsquo;Elles, rien de plus facile.<\/p>\n<p>Envoyer un mail \u00e0 creation(la chose qu&rsquo;on appelle arobase)bretelles.ch<\/p>\n<p>Penser \u00e0 mettre @ \u00e0 la place des parenth\u00e8ses.<\/p>\n","protected":false},"excerpt":{"rendered":"<p>Pour contacter Bret&rsquo;Elles, rien de plus facile. Envoyer un mail \u00e0 creation(la chose qu&rsquo;on appelle arobase)bretelles.ch Penser \u00e0 mettre @ \u00e0 la place des parenth\u00e8ses.<\/p>\n","protected":false},"author":2,"featured_media":0,"parent":0,"menu_order":0,"comment_status":"open","ping_status":"open","template":"","meta":{"footnotes":""},"_links":{"self":[{"href":"http:\/\/bretelles.ch\/index.php\/wp-json\/wp\/v2\/pages\/16"}],"collection":[{"href":"http:\/\/bretelles.ch\/index.php\/wp-json\/wp\/v2\/pages"}],"about":[{"href":"http:\/\/bretelles.ch\/index.php\/wp-json\/wp\/v2\/types\/page"}],"author":[{"embeddable":true,"href":"http:\/\/bretelles.ch\/index.php\/wp-json\/wp\/v2\/users\/2"}],"replies":[{"embeddable":true,"href":"http:\/\/bretelles.ch\/index.php\/wp-json\/wp\/v2\/comments?post=16"}],"version-history":[{"count":1,"href":"http:\/\/bretelles.ch\/index.php\/wp-json\/wp\/v2\/pages\/16\/revisions"}],"predecessor-version":[{"id":512,"href":"http:\/\/bretelles.ch\/index.php\/wp-json\/wp\/v2\/pages\/16\/revisions\/512"}],"wp:attachment":[{"href":"http:\/\/bretelles.ch\/index.php\/wp-json\/wp\/v2\/media?parent=16"}],"curies":[{"name":"wp","href":"https:\/\/api.w.org\/{rel}","templated":true}]}}