{"id":455,"date":"2009-09-17T11:12:53","date_gmt":"2009-09-17T11:12:53","guid":{"rendered":"http:\/\/bretelles.ch\/?page_id=455"},"modified":"2015-01-09T16:41:27","modified_gmt":"2015-01-09T16:41:27","slug":"about","status":"publish","type":"page","link":"http:\/\/bretelles.ch\/index.php\/about\/","title":{"rendered":"A propos de Bret&rsquo;Elles"},"content":{"rendered":"<p style=\"text-align: center;\"><a href=\"http:\/\/bretelles.ch\/wp-content\/uploads\/2009\/09\/bretel1.jpg\"><img decoding=\"async\" loading=\"lazy\" class=\"alignnone size-medium wp-image-25\" src=\"http:\/\/bretelles.ch\/wp-content\/uploads\/2009\/09\/bretel1-300x219.jpg\" alt=\"Bretel\" width=\"300\" height=\"219\" srcset=\"http:\/\/bretelles.ch\/wp-content\/uploads\/2009\/09\/bretel1-300x219.jpg 300w, http:\/\/bretelles.ch\/wp-content\/uploads\/2009\/09\/bretel1.jpg 679w\" sizes=\"(max-width: 300px) 100vw, 300px\" \/><\/a><\/p>\n<p style=\"text-align: left;\">Bretel, c&rsquo;est d&rsquo;abord un lapin avant de devenir, sous le nom Bret&rsquo;Elles, une marque de v\u00eatements pour Elle, Lui, Gavroche (enfant et ado d\u00e8s 2 ans) et Minot (b\u00e9b\u00e9 de la naissance \u00e0 2 ans) et d&rsquo;accessoires pour tous.<\/p>\n<p>Bret&rsquo;Elles, c&rsquo;est une jeune couturi\u00e8re qui fait de la couture depuis plusieurs ann\u00e9es (douze) en loisirs et qui apr\u00e8s quelques semaines de ch\u00f4mage \u00e0 d\u00e9cider de se lancer dans un projet un peu fou: s&rsquo;installer comme couturi\u00e8re. Et la voil\u00e0 avec une marque: Bret&rsquo;Elles et un logo.<\/p>\n<p><a href=\"http:\/\/bretelles.ch\/wp-content\/uploads\/2010\/05\/signature.jpg\"><img decoding=\"async\" loading=\"lazy\" class=\" size-full wp-image-258 aligncenter\" src=\"http:\/\/bretelles.ch\/wp-content\/uploads\/2010\/05\/signature.jpg\" alt=\"Signature\" width=\"198\" height=\"142\" \/><\/a><\/p>\n<p>Bret&rsquo;Elles aime les challenges et n&rsquo;h\u00e9sitera pas \u00e0 r\u00e9aliser vos id\u00e9es.<\/p>\n<p>Bonne visite et n&rsquo;h\u00e9sitez pas \u00e0 m&rsquo;envoyer vos demandes tout est r\u00e9alisable!<\/p>\n","protected":false},"excerpt":{"rendered":"<p>Bretel, c&rsquo;est d&rsquo;abord un lapin avant de devenir, sous le nom Bret&rsquo;Elles, une marque de v\u00eatements pour Elle, Lui, Gavroche (enfant et ado d\u00e8s 2 ans) et Minot (b\u00e9b\u00e9 de la naissance \u00e0 2 ans) et d&rsquo;accessoires pour tous. Bret&rsquo;Elles, c&rsquo;est une jeune couturi\u00e8re qui fait de la couture depuis plusieurs ann\u00e9es (douze) en loisirs [&hellip;]<\/p>\n","protected":false},"author":2,"featured_media":514,"parent":0,"menu_order":0,"comment_status":"open","ping_status":"open","template":"","meta":{"footnotes":""},"_links":{"self":[{"href":"http:\/\/bretelles.ch\/index.php\/wp-json\/wp\/v2\/pages\/455"}],"collection":[{"href":"http:\/\/bretelles.ch\/index.php\/wp-json\/wp\/v2\/pages"}],"about":[{"href":"http:\/\/bretelles.ch\/index.php\/wp-json\/wp\/v2\/types\/page"}],"author":[{"embeddable":true,"href":"http:\/\/bretelles.ch\/index.php\/wp-json\/wp\/v2\/users\/2"}],"replies":[{"embeddable":true,"href":"http:\/\/bretelles.ch\/index.php\/wp-json\/wp\/v2\/comments?post=455"}],"version-history":[{"count":2,"href":"http:\/\/bretelles.ch\/index.php\/wp-json\/wp\/v2\/pages\/455\/revisions"}],"predecessor-version":[{"id":511,"href":"http:\/\/bretelles.ch\/index.php\/wp-json\/wp\/v2\/pages\/455\/revisions\/511"}],"wp:featuredmedia":[{"embeddable":true,"href":"http:\/\/bretelles.ch\/index.php\/wp-json\/wp\/v2\/media\/514"}],"wp:attachment":[{"href":"http:\/\/bretelles.ch\/index.php\/wp-json\/wp\/v2\/media?parent=455"}],"curies":[{"name":"wp","href":"https:\/\/api.w.org\/{rel}","templated":true}]}}

<p style="text-align: center;"><a href="http://bretelles.ch/wp-content/uploads/2009/09/bretel1.jpg"><img decoding="async" loading="lazy" class="alignnone size-medium wp-image-25" src="http://bretelles.ch/wp-content/uploads/2009/09/bretel1-300x219.jpg" alt="Bretel" width="300" height="219" srcset="http://bretelles.ch/wp-content/uploads/2009/09/bretel1-300x219.jpg 300w, http://bretelles.ch/wp-content/uploads/2009/09/bretel1.jpg 679w" sizes="(max-width: 300px) 100vw, 300px" /></a></p>
<p style="text-align: left;">Bretel, c&rsquo;est d&rsquo;abord un lapin avant de devenir, sous le nom Bret&rsquo;Elles, une marque de vêtements pour Elle, Lui, Gavroche (enfant et ado dès 2 ans) et Minot (bébé de la naissance à 2 ans) et d&rsquo;accessoires pour tous.</p>
<p>Bret&rsquo;Elles, c&rsquo;est une jeune couturière qui fait de la couture depuis plusieurs années (douze) en loisirs et qui après quelques semaines de chômage à décider de se lancer dans un projet un peu fou: s&rsquo;installer comme couturière. Et la voilà avec une marque: Bret&rsquo;Elles et un logo.</p>
<p><a href="http://bretelles.ch/wp-content/uploads/2010/05/signature.jpg"><img decoding="async" loading="lazy" class=" size-full wp-image-258 aligncenter" src="http://bretelles.ch/wp-content/uploads/2010/05/signature.jpg" alt="Signature" width="198" height="142" /></a></p>
<p>Bret&rsquo;Elles aime les challenges et n&rsquo;hésitera pas à réaliser vos idées.</p>
<p>Bonne visite et n&rsquo;hésitez pas à m&rsquo;envoyer vos demandes tout est réalisable!</p>

<p>Bretel, c&rsquo;est d&rsquo;abord un lapin avant de devenir, sous le nom Bret&rsquo;Elles, une marque de vêtements pour Elle, Lui, Gavroche (enfant et ado dès 2 ans) et Minot (bébé de la naissance à 2 ans) et d&rsquo;accessoires pour tous. Bret&rsquo;Elles, c&rsquo;est une jeune couturière qui fait de la couture depuis plusieurs années (douze) en loisirs [&hellip;]</p>
